3 + 3691 - 3680. Determine u(-13).
24
Let x be (-2 + 3)/((-4)/(-8)). Let s(o) = 1 - x*o + o + 0. Suppose -273 = -11*l - 218. What is s(l)?
-4
Let p(r) = -r**2 - 4*r + 42. Let v be p(5). Let d(s) = 5*s - 4. Give d(v).
-19
Let j be (0 - 2) + 10 + -5. Suppose -g = j*g - 8. Let c(b) = b**3 - 2*b**2 + b - 1. Calculate c(g).
1
Suppose 0*i - i + 5 = -g, 3*g + 9 = i. Suppose 2 = -i*a - 7. Let p(f) = f**2 + 4*f + 3. What is p(a)?
0
Suppose -3*r = 0, -2*c = -0*c + 2*r - 8. Suppose 5*s = -2*f + 883, 2*f = 3*s - c*s + 175. Let m(v) = 2 - s*v + v**2 + 170*v - 4. Determine m(6).
-8
Let r be (112/(-308))/(4/(-22)). Let a(o) = -o**3 + 3*o**2 - 4*o + 5. Calculate a(r).
1
Let a(c) be the third derivative of -c**5/40 + 5*c**4/24 - 7*c**3/6 + 5*c**2. Let s(h) be the first derivative of a(h). Calculate s(5).
-10
Let m(d) = d**3 - 4*d**2 - 2*d - 3. Let g(z) = -2*z**3 - 37*z**2 - 80*z + 5. Let l be g(-16). Determine m(l).
12
Let v(a) = -2*a**3 + 2*a**2 - 1. Let q(h) = -7*h**3 - h**2 + 6*h + 6. Let g(o) = q(o) - 4*v(o). Give g(8).
-6
Let h be 2/(-4) + (-4 - -2)/(-4). Let u(f) = -f - 8. Give u(h).
-8
Let t = -1408 - -1399. Let h(y) = -y**3 - 9*y**2 + 4*y - 2. Give h(t).
-38
Suppose -4*x - 84 = -11*x. Let f(c) = -4 + x + c + 1. Give f(-8).
1
Let y(x) = -x + 5 - 4 + 3*x + 0*x. Give y(-7).
-13
Let n(j) = 2*j + 4. Let s = 372 - 379. What is n(s)?
-10
Suppose 2*j - 7 = 3*l, 3*j - 5 = 4*l + 4. Let u(b) = -131 + b + 127 - 5*b. Determine u(l).
8
Let o(x) = -x**3 + 6*x**2 - 6*x + 4. Let c be o(4). Suppose 0 = -c*q + 10*q + 14. Let i(w) = -w**3 + 6*w**2 + 9*w + 3. What is i(q)?
17
Let r(g) = g**3 - 7*g**2 - 2*g + 10. Let z be 10/45 + (-627)/27. Let h = z - -62. Suppose -17 - h = -8*s. Determine r(s).
-4
Let i(l) = -l**3 - 7*l**2 - l - 4. Let k(j) = 4*j + 256. Let v be k(0). Let w be (3/9)/(3 + v/(-84)). Determine i(w).
3
Let j be ((-3)/(-6))/((-4)/(-18*4)). Let t be 5/(75/65) - (-6)/j. Let h(l) = -l. Calculate h(t).
-5
Let t be 2/(-14)*105/(-72). Let v(s) be the third derivative of -t*s**4 + 1/60*s**5 + 0 - 5*s**2 + 0*s + s**3. What is v(5)?
6
Let s(k) = -k**3 + 8*k**2 + 3*k - 6. Suppose -13*m + 5*u - 37 = -17*m, 4*m + 3*u = 35. Give s(m).
18
Let r(s) = -s**2 - 4*s - 7. Let b(w) = w. Let v(g) = 5*b(g) - r(g). Let z be ((-23)/(-69))/(2/(-42)). Give v(z).
-7
Let v(o) be the first derivative of -19*o**2 + o - 282. Give v(-1).
39
Let n = -61 - -224. Let v = n - 163. Let y(k) = k**3 + k**2 - k - 4. What is y(v)?
-4
Let q(i) = -2*i + 176. Let r(u) = -15. Let m(b) = -q(b) - 10*r(b). What is m(8)?
-10
Suppose -39*a + 112 = -23*a. Let p(y) = y**2 - 4*y - 2. Determine p(a).
19
Let c be 26/5 - (-1)/(-5). Let g(w) = -5*w - 9. Let z(a) = a**2 - 6*a + 4. Let u be z(7). Let p(l) = l + 2. Let q(m) = u*p(m) + 2*g(m). Calculate q(c).
9
Let w(z) = z - 8. Let j be w(6). Let n(m) = -4*m**3 + 13*m**2 + 2*m - 2. Let k(u) = 5*u**3 - 15*u**2 - 2*u + 3. Let p(c) = 5*k(c) + 6*n(c). What is p(j)?
3
Let y(j) = j**3 + 11*j**2 - 2*j - 14. Suppose -3*v - 12 = 0, -28*v + 23*v = 4*g + 64. Determine y(g).
8
Let k(t) = -t - 1. Let c(v) = 2*v - 2*v + 3*v - 5*v + 4. Let j(r) = -c(r) - 5*k(r). Let y(x) = x - 2. Let q be y(3). Determine j(q).
8
Let s(h) = -h**2 + 5*h + 128. Let o be s(14). Let b(q) = -2*q**2 + 2*q - 1. Determine b(o).
-5
Suppose 38 = -4*i - 2. Let z(j) be the second derivative of -j**5/20 - 5*j**4/6 + j**3/6 + 6*j**2 - 4*j + 23. Calculate z(i).
2
Suppose -137*c - 140 = -127*c. Let d(k) = k**2 + 14*k - 15. Calculate d(c).
-15
Let j be (140/42)/(5/12). Let a(c) = -2*c + 9. Determine a(j).
-7
Let r(d) be the third derivative of -d**4/6 - d**3/2 - 2*d**2 - d - 11. Let k(t) = 2*t - 6. Let p be k(5). What is r(p)?
-19
Let t(f) = 7*f**2 - 19*f + 14. Let x(l) = -6*l**2 + 17*l - 10. Let z(k) = 5*t(k) + 6*x(k). Determine z(11).
-34
Let s = 4 - 9. Let v(w) = -4*w**3 - 6*w**2 - 8*w - 1. Let m(t) = t**3 + t + 1. Let j be -3 - (4 + -3 + -1). Let x(r) = j*m(r) - v(r). Give x(s).
-2
Let v(y) = y**2 + 5*y + 3. Suppose n = 5*n. Let j be 3/(n + 0 - 1). Let u = j - 2. What is v(u)?
3
Let p(t) = -t + 6. Suppose -5*o + 120 - 25 = 0. Let h(l) = o - l + 3*l - 15. Let i be h(2). What is p(i)?
-2
Let k(x) = 14*x - 78. Let r be k(5). Let j(y) = y**2 + 9*y + 15. Give j(r).
7
Let r = 19 + -13. Let c(i) = -2*i**2 + 4*i + 0 - 5*i - 4*i**2 + i**3 + 3. Calculate c(r).
-3
Let t(d) be the first derivative of -1/2*d**2 + 0*d - 5 + 16/3*d**3. Determine t(1).
15
Let w be 1 - (-65)/130*(2 - 2). Let k be (0 + 2)*(-10)/(-4). Let a(y) = -y - 2 + k - 2 - 9*y**2. Determine a(w).
-9
Let x(w) = 51*w - 9*w**2 + 3*w**2 - 3 - 49*w - 18*w**2. Calculate x(1).
-25
Suppose v - 23 = -5*m, 7 + 13 = 5*m. Suppose -g + v*g = -14. Let i(q) = 6*q + 24. Let c(u) = 2*u + 8. Let d(a) = 8*c(a) - 3*i(a). Give d(g).
6
Let v(q) = -5*q**2 + 4*q**2 + 2 + 0*q**2. Let k = 2219 - 2221. Calculate v(k).
-2
Let d(l) be the second derivative of 2*l**3/3 + l**2 - 4*l - 33. Calculate d(3).
14
Let f(n) be the third derivative of n**5/12 + n**4/24 - 13*n**2 - 2*n. Give f(1).
6
Let v(h) be the first derivative of -h**4/4 - 5*h**3/3 + 3*h**2/2 + 3*h + 1. Let g(x) = -2*x**2 - x - 53. Let u be g(0). Let z = 48 + u. Give v(z).
-12
Suppose 0 = 18*b + 8 - 44. Let w(q) be the third derivative of -1/24*q**4 - 7*q**b + 0 + 0*q - 1/6*q**3. Determine w(-2).
1
Let y = 2035 - 2010. Let p(d) = -d**3 + 25*d**2 + d - 34. What is p(y)?
-9
Let c(z) = -z + 9. Suppose 2*g = g + 4. Suppose 2*t - t = -5*i - 14, 5*i = -3*t - 22. Let j be 0/(i/(8/g)). Calculate c(j).
9
Suppose 10*j - 9 = 31. Let u(g) = -5 + j + 3 - 6*g. Give u(-2).
14
Let u(j) = -j**2 + 4*j + 1. Let w be u(4). Let f(t) be the third derivative of 0*t**3 + 19*t**2 - 1/24*t**4 + 0*t + 0. Calculate f(w).
-1
Let x be (2 + 0)*26/4. Let v = x - 8. Let g(j) = -j + 1. Give g(v).
-4
Let x(i) = i**2 + 10*i + 5. Let u(f) = -f**2 + 14*f - 42. Let d be u(11). Calculate x(d).
-4
Let c(x) = -x + 2. Suppose 0 = z + 3*d - 13, 0 = -4*d + 35 - 15. What is c(z)?
4
Let h(g) be the third derivative of g**5/60 - g**4/24 - g**3/3 + 309*g**2. Let n(r) = r - 1. Let f be n(4). What is h(f)?
4
Let l(z) be the third derivative of 5/24*z**4 - 11*z**2 + 0 - 1/60*z**5 - 2/3*z**3 + 0*z. What is l(4)?
0
Let q = 158 - 153. Let k(y) = y**2 - 7*y + 7. What is k(q)?
-3
Let k be 42/8 + 14/(-56). Let u(j) = 3*j - k + 12 - 6. What is u(1)?
4
Let o(n) be the first derivative of -1/3*n**3 + 1/2*n**2 + 14 + 3*n. Let z = -5 + 8. What is o(z)?
-3
Let x(z) = -1. Let j(o) = -o**2 - 10*o - 14. Let i(d) = j(d) - 6*x(d). What is i(-9)?
1
Let f = -5 - -9. Let w(c) be the second derivative of c**6/720 - c**5/40 + 5*c**4/12 - c. Let l(k) be the third derivative of w(k). What is l(f)?
1
Suppose -3*l + l + 6 = 0. Suppose -3*b = 4*t - 5 + 2, l*b + 21 = 4*t. Let q(o) = -o**2 - 2*o - 3. What is q(b)?
-6
Let a(d) be the second derivative of 25*d - 1/20*d**5 - 5/12*d**4 + 4/3*d**3 + 0 + 2*d**2. Determine a(-6).
-8
Let w(p) = -p**3 + 9*p**2 - 5*p + 11. Let y(r) = -r**2 + 3*r + 96. Let k be y(-8). What is w(k)?
35
Suppose 0 = 25*g - 26*g. Suppose -5*p + 20 = -g. Let q(a) = 3*a**2 + 15*a - 12. Let c(v) = -4*v**2 - 22*v + 18. Let t(o) = -5*c(o) - 7*q(o). Determine t(p).
-2
Suppose -f - 4 = -y - 3*y, -y = 4*f - 1. Suppose -4*q + 14 = -2*p - q, -3*p - q = -y. Let g(c) = 12*c + 4 - 3 + 0. Determine g(p).
-11
Suppose 3*l + 15 = 0, 0 = 2*t + 3*t + 3*l. Let h(b) = -3*b**t + 4*b**3 + 2 + b + b + 4*b**2. Calculate h(-3).
5
Let k(a) = -a. Let y(m) = 7*m - 1. Let l(q) = -6*k(q) - y(q). Suppose -5*h - 17 = v - 0*v, -16 = 5*v + 2*h. Let s be ((-6)/9*3)/v. Determine l(s).
0
Let q be 14*(-1)/(-2) - 2. Suppose q*y = 6*y. Let k(h) = 19*h**2 - h**3 - 29*h**2 + 6 + 11*h**2. Calculate k(y).
6
Let z(c) = c**2 + 9*c + 2. Let t be z(-9). Let g be ((-6)/(-12))/((-1)/t). Let n(y) = 0 + 1 - y**2 - 8*y**3 - 2*y - 3 + 1. What is n(g)?
8
Let w(f) = -f**2 - 2*f + 17. Let j be w(-6). Let u = 5 + j. Let z(q) be the first derivative of -q**4/4 - q**3/3 - 3*q**2/2 - 2*q - 1. Calculate z(u).
8
Let k(p) = p**2 + 9*p + 30. Let d(r) = 5*r**2 + 44*r + 151. Let f(y) = 2*d(y) - 11*k(y). What is f(-7)?
0
Let c(g) = g**3 - 3*g**2 + 1. Let d = 21 - 19. Suppose 0 = 4*x - 3*k - 7, -d = -0*x + x + 3*k. Let q be (-4)/(x/((-3)/6)). Calculate c(q).
-3
Let f(o) = -o**2 - 8*o - 5. Let k be f(-7). Suppose 4*h = -k*m - 4, -2*m + m - 3*h - 1 = 0. Le